{"id":838,"date":"2015-12-31T02:22:04","date_gmt":"2015-12-31T00:22:04","guid":{"rendered":"http:\/\/sonnenbergertreffen.de\/?page_id=838"},"modified":"2016-04-06T11:15:50","modified_gmt":"2016-04-06T09:15:50","slug":"anmeldung-registration","status":"publish","type":"page","link":"http:\/\/sonnenbergertreffen.de\/?page_id=838","title":{"rendered":"Anmeldung &#8211; Registration"},"content":{"rendered":"<p>Meldet euch bitte direkt beim Sonnenberg per Mail an:<\/p>\n<p><strong>j.schlamelcher@sonnenberg-international.de<\/strong><\/p>\n<p>Anmeldeschlu\u00df ist der 30. Juni<\/p>\n<h3>Ausfl\u00fcge<\/h3>\n<p>Bitte sagt Ulla bescheid, an welchen Ausfl\u00fcgen Ihr teilnehmen wollt. Die abrechung der Ausfl\u00fcge findet am Donnerstag Abend mit Ulla statt.<\/p>\n<p>ulla@sonnenbergertreffen.de<\/p>\n<p>&nbsp;<\/p>\n<hr \/>\n<p>&nbsp;<\/p>\n<p>Please register until the 30.June directly at Sonnenberg-office:<\/p>\n<p><strong>j.schlamelcher@sonnenberg-international.de<\/strong><\/p>\n<p>Please Ulla for the excursions you would licke to join. The excusions will be charged on Thursday evening.<\/p>\n<p>ulla@sonnenbergertreffen.de<\/p>\n<p>&nbsp;<\/p>\n","protected":false},"excerpt":{"rendered":"<p>Meldet euch bitte direkt beim Sonnenberg per Mail an: j.schlamelcher@sonnenberg-international.de Anmeldeschlu\u00df ist der 30. Juni Ausfl\u00fcge Bitte sagt Ulla bescheid, an welchen Ausfl\u00fcgen Ihr teilnehmen wollt. Die abrechung der Ausfl\u00fcge findet am Donnerstag Abend mit Ulla statt. ulla@sonnenbergertreffen.de &nbsp; &nbsp; &hellip; <a href=\"http:\/\/sonnenbergertreffen.de\/?page_id=838\">Weiterlesen <span class=\"meta-nav\">&rarr;<\/span><\/a><\/p>\n","protected":false},"author":1,"featured_media":612,"parent":522,"menu_order":5,"comment_status":"closed","ping_status":"closed","template":"","meta":{"ngg_post_thumbnail":0},"_links":{"self":[{"href":"http:\/\/sonnenbergertreffen.de\/index.php?rest_route=\/wp\/v2\/pages\/838"}],"collection":[{"href":"http:\/\/sonnenbergertreffen.de\/index.php?rest_route=\/wp\/v2\/pages"}],"about":[{"href":"http:\/\/sonnenbergertreffen.de\/index.php?rest_route=\/wp\/v2\/types\/page"}],"author":[{"embeddable":true,"href":"http:\/\/sonnenbergertreffen.de\/index.php?rest_route=\/wp\/v2\/users\/1"}],"replies":[{"embeddable":true,"href":"http:\/\/sonnenbergertreffen.de\/index.php?rest_route=%2Fwp%2Fv2%2Fcomments&post=838"}],"version-history":[{"count":6,"href":"http:\/\/sonnenbergertreffen.de\/index.php?rest_route=\/wp\/v2\/pages\/838\/revisions"}],"predecessor-version":[{"id":871,"href":"http:\/\/sonnenbergertreffen.de\/index.php?rest_route=\/wp\/v2\/pages\/838\/revisions\/871"}],"up":[{"embeddable":true,"href":"http:\/\/sonnenbergertreffen.de\/index.php?rest_route=\/wp\/v2\/pages\/522"}],"wp:featuredmedia":[{"embeddable":true,"href":"http:\/\/sonnenbergertreffen.de\/index.php?rest_route=\/wp\/v2\/media\/612"}],"wp:attachment":[{"href":"http:\/\/sonnenbergertreffen.de\/index.php?rest_route=%2Fwp%2Fv2%2Fmedia&parent=838"}],"curies":[{"name":"wp","href":"https:\/\/api.w.org\/{rel}","templated":true}]}}